 - 366*r - 3333. Determine j(-11).
3355
Let z(s) = -8*s**2 - 987*s - 30402. Determine z(-64).
-2
Let p(a) = -9647*a - 270147. Give p(-28).
-31
Let l(o) = o**3 - 35*o**2 + 91*o - 1810. Determine l(34).
128
Let f(i) = 50*i - 2603. What is f(52)?
-3
Let z(q) = 6983*q - 20951. What is z(3)?
-2
Let b(j) = -9*j**2 - 303*j - 922. Calculate b(-3).
-94
Let f(s) = 979*s - 61653. Determine f(63).
24
Let u(p) = -p**3 + 24*p**2 - 352*p + 6039. Determine u(21).
-30
Let t(h) = 111*h**2 + 1180*h - 1859. What is t(-12)?
-35
Let f(u) = u**2 - 984*u - 15841. Give f(-16).
159
Let f(z) = -258*z + 55251. Determine f(215).
-219
Let c(x) = 4*x**2 + 1355*x - 44248. Calculate c(30).
2
Let d(h) = -208*h + 55116. Give d(265).
-4
Let c(y) = 272*y - 14839. Calculate c(58).
937
Let n(j) = 764*j**2 - 679*j + 681. Determine n(1).
766
Let d(i) = 3836100*i + 49869314. Calculate d(-13).
14
Let r(w) = 40*w + 1606. Give r(-57).
-674
Let h(a) = -3871*a + 4371. What is h(1)?
500
Let l(v) = -17*v**3 - 989*v**2 - 170*v + 292. Determine l(-58).
60
Let p(k) = -k**3 - 237*k**2 + 1162*k - 1365. Determine p(2).
3
Let a(z) = 63*z**3 + 2*z**2 + 10*z + 31. Calculate a(-3).
-1682
Let r(k) = k**3 + 31*k**2 + 122*k + 411. Calculate r(-27).
33
Let u(y) = 6*y**2 + 267*y - 1724. Give u(-50).
-74
Let c(i) = -i**3 + 43*i**2 - 420*i - 8. Determine c(28).
-8
Let d(n) = n**2 - 2197*n + 39379. Calculate d(18).
157
Let z(p) = 326430*p + 8487179. What is z(-26)?
-1
Let q(o) = 16960*o + 7462400. What is q(-440)?
0
Let v(i) = 43*i**3 - 39*i**2 - 17*i + 104. Calculate v(4).
2164
Let b(d) = -10*d**2 + 150*d + 213. Give b(16).
53
Let v(u) = -8*u**2 - 1388*u - 972. Calculate v(-173).
-280
Let y(t) = -377*t**2 - 3020*t + 27. Determine y(-8).
59
Let s(m) = -3*m**2 - 673*m + 527. Determine s(-225).
77
Let d(z) = z**2 + 1498*z - 743149. Calculate d(393).
14
Let h(j) = -3*j**3 - 463*j**2 - 141*j + 2007. Determine h(-154).
5
Let d(j) = -j**3 - 40*j**2 - 203*j + 95. Calculate d(-34).
61
Let s(r) = 2*r**3 + 677*r**2 - 11721*r - 2079. Give s(-355).
51
Let j(v) = -20*v - 692. Calculate j(-110).
1508
Let r(v) = 2*v**3 - 431*v**2 - 2931*v + 9979. Give r(222).
-11
Let i(c) = -23987*c + 17. Calculate i(0).
17
Let u(v) = -277*v + 2457. Determine u(6).
795
Let k(v) = -2*v**2 + 4525*v + 27220. Give k(-6).
-2
Let s(t) = -15881*t**2 - t + 87. Give s(0).
87
Let g(r) = r**3 + 30*r**2 - 93*r - 320. What is g(-32)?
608
Let v(j) = 4563*j - 561265. Calculate v(123).
-16
Let t(v) = v**3 + 220*v**2 - 3593*v + 1502. What is t(15)?
482
Let t(h) = 947*h - 5854. Calculate t(5).
-1119
Let u(q) = 16*q**2 - 270182*q + 1. Calculate u(0).
1
Let s(l) = 25*l**2 + 481*l + 1286. Calculate s(-16).
-10
Let j(o) = -951*o**2 - 30412*o + 648. Give j(-32).
8
Let n(y) = -3*y**3 + 50*y**2 + 53*y - 1369. What is n(16)?
-9
Let i(u) = 2144*u - 32170. Give i(15).
-10
Let p(d) = 2*d**2 + 376*d + 17066. What is p(-76)?
42
Let d(a) = -132438*a + 397318. Give d(3).
4
Let b(q) = 1196*q - 716317. Determine b(599).
87
Let j(f) = -2724*f - 76277. What is j(-28)?
-5
Let c(i) = -436*i - 162. Give c(-2).
710
Let c(g) = 5312*g + 361211. Give c(-68).
-5
Let y(o) = 55*o**2 - 589*o - 10. Determine y(8).
-1202
Let s(n) = 182*n - 1360. Give s(6).
-268
Let i(b) = 3*b**3 - 10*b**2 + 3*b - 6. Calculate i(4).
38
Let d(a) = -674*a + 21917. Calculate d(33).
-325
Let x(v) = 24*v**2 + 2831*v - 5681. Calculate x(2).
77
Let b(w) = -2917*w + 140615. Give b(48).
599
Let m(o) = -2*o**2 - 2967*o + 35896. Determine m(12).
4
Let o(i) = -89*i**2 - 481*i - 60. What is o(-5)?
120
Let x(n) = -n**3 + 116*n**2 + 447*n - 88695. What is x(113)?
123
Let t(w) = -2*w**2 - 820*w - 34631. Determine t(-48).
121
Let d(k) = -8*k**3 + 6*k**2 + 1333*k + 5311. What is d(-4)?
587
Let i(z) = 14*z**2 - 3*z + 198. Give i(0).
198
Let t(k) = 125279*k + 1002342. What is t(-8)?
110
Let i(u) = -8588*u - 51533. What is i(-6)?
-5
Let k(m) = -4*m**3 + 6*m**2 - 32*m - 9. Calculate k(4).
-297
Let q(p) = p**2 - 8121*p + 331332. Determine q(41).
52
Let r(u) = 7*u**2 + 52*u - 146. Calculate r(10).
1074
Let y(x) = -82*x**3 - 3*x**2 - 45*x - 42. Give y(-1).
82
Let h(y) = 12*y**3 + 48*y**2 - 390*y - 1556. What is h(-4)?
4
Let k(s) = -5*s**2 - 394269*s - 788526. What is k(-2)?
-8
Let w(c) = 1844*c + 44230. Determine w(-24).
-26
Let s(h) = -2*h**3 - 30*h**2 + 11560*h - 2683. Give s(-84).
5
Let k(z) = 3*z**3 - 361*z**2 - 277*z + 3933. Determine k(121).
-302
Let x(b) = -b**3 - 16*b**2 + 6*b + 80. Calculate x(-6).
-316
Let l(h) = 12366*h + 1335550. Determine l(-108).
22
Let f(v) = -1183*v**2 + 7096*v + 84. Give f(6).
72
Let m(a) = -2*a**3 + 52*a**2 + 409*a + 84. Determine m(-6).
-66
Let w(b) = -262250*b - 4458250. What is w(-17)?
0
Let q(l) = 2517*l - 15859. Calculate q(6).
-757
Let a(x) = -x**2 + 224*x - 1560. What is a(217)?
-41
Let f(d) = 24482*d - 318379. What is f(13)?
-113
Let q(i) = -i**2 + 118*i - 1667. Give q(105).
-302
Let s(n) = -n**3 + 193*n**2 + 17*n - 2621. What is s(193)?
660
Let r(h) = -296*h - 38693. Give r(-127).
-1101
Let r(o) = -7*o**2 - 28*o + 3506. Determine r(-24).
146
Let p(r) = 4*r**3 + 19*r**2 - 80*r - 412. Determine p(-8).
-604
Let f(i) = 2*i**3 + 14*i**2 - 164*i - 869. What is f(-11)?
-33
Let y(m) = -40*m**2 - 1209*m - 23. Determine y(-30).
247
Let n(i) = -58*i**2 + 163*i + 134. Give n(7).
-1567
Let t(a) = -10*a**3 - 111*a**2 + 839*a + 4. Give t(-17).
2792
Let x(j) = -60699*j - 242795. Give x(-4).
1
Let d(m) = 1055*m + 15917. Determine d(-15).
92
Let c(k) = 95308*k + 381216. Calculate c(-4).
-16
Let z(o) = -3*o**2 + 3823*o - 45711. Determine z(12).
-267
Let c(t) = -289*t + 55520. What is c(188)?
1188
Let f(z) = -448*z + 151987. What is f(338)?
563
Let p(h) = 1646*h + 3581. Determine p(-2).
289
Let o(i) = i**3 + 81*i**2 + 1183*i - 55. What is o(-19)?
-150
Let k(b) = 6*b**3 - 1703*b**2 - 2374*b + 108010. Give k(285).
-5
Let v(y) = 4*y**3 - 198*y**2 - 94*y + 15. What is v(50)?
315
Let p(j) = -4*j**2 + 838*j - 3638. Calculate p(205).
52
Let k(o) = o**3 + 21*o**2 - 21517*o - 556077. Determine k(-26).
-15
Let s(n) = -4*n**2 + 988*n - 5788. What is s(241)?
-4
Let n(h) = -2*h**3 - 29*h**2 - 34*h + 176. Give n(-13).
111
Let w(m) = -2*m**2 + 544*m - 29058. Calculate w(200).
-258
Let i(x) = 54148*x + 649755. Determine i(-12).
-21
Let f(z) = -4335*z + 962108. Give f(222).
-262
Let y(c) = -2979*c**2 + 53596*c + 355. Determine y(18).
-113
Let h(m) = -m**2 + 732*m - 132317. Determine h(328).
195
Let t(v) = -229*v**2 + 3562*v + 33. Give t(16).
-1599
Let q(y) = -2*y**3 + 23*y**2 + 80*y + 32. Calculate q(13).
565
Let y(g) = -7667*g + 92005. Calculate y(12).
1
Let k(b) = 34018*b - 375211. Calculate k(11).
-1013
Let t(o) = -2*o**3 - 510*o**2 + 28379*o - 2712. Determine t(-302).
6
Let d(f) = 145*f**2 + 106*f - 50. Calculate d(4).
2694
Let f(k) = 6209*k - 211116. What is f(34)?
-10
Let j(o) = 1409*o - 16956. What is j(12)?
-48
Let s(h) = -63081*h + 11354582. Give s(180).
2
Let c(p) = -4*p**3 - 5*p**2 - 31*p - 67. Determine c(-2).
7
Let z(q) = 2*q**3 - 358*q**2 + 726*q - 3182. Calculate z(177).
4
Let q(u) = -1870*u - 1034142. Give q(-553).
-32
Let g(x) = -7969*x**2 + 167361*x - 242. Calculate g(21).
10
Let b(d) = 88135*d - 969597. Determine b(11).
-112
Let a(n) = -1961194*n - 7844774. What is a(-4)?
2
Let v(l) = -19616*l - 136886. Calculate v(-7).
426
Let a(m) = -2*m**3 - 15*m**2 - 2587*m - 20754. What is a(-8)?
6
Let c(z) = 841*z + 211063. What is c(-251)?
-28
Let p(d) = 4*d**2 - 672*d + 9824. Give p(152).
96
Let u(x) = x**3 - 24*x**2 + 68*x - 14. Calculate u(20).
-254
Let q(l) = -601*l - 1630. What is q(-3)?
173
Let f(t) = -t**3 - 76*t**2 - 228*t - 150. Give f(-2).
10
Let c(g) = 29*g**3 + 85*g**2 - 4*g - 1. What is c(-2)?
115
Let r(x) = -x**3 + 169*x**2 + 2698*x + 221. Determine r(-15).
1151
Let u(m) = 2*m**2 + 99*m - 6051. Determine u(-85).
-16
Let h(v) = 3*v**3 - 490*v**2 - 8421*v + 1436. Determine h(179).
4
Let c(u) = 2*u**3 + 246*u**2 - 216*u + 477. Calculate c(-124).
-3491
Let r(v) = -108*v - 7165. Determine r(-71).
503
Let u(a) = 77843*a + 3191572. What is u(-41)?
9
Let y(i) = -i**3 - 46*i**2 - 235*i + 337. Determine y(-7).
71
Let j(n) = 3127*n + 15592. What is j(-5)?
-43
Let k(o) = 181*o + 60818. What is k(-336)?
2
Let r(n) = 21*n**3 - 1155*n**2 - 83*n + 279. Calculate r(55).
-4286
Let q(r) = -r**3 + 24*r**2 - 3019*r + 